at is the greatest common factor of 63 and 2289?
21
What is the greatest common factor of 11400 and 5920?
40
Calculate the highest common factor of 9259 and 5516.
197
Calculate the greatest common factor of 51728 and 56608.
976
Calculate the greatest common factor of 147128 and 1272.
424
Calculate the highest common factor of 1228326 and 2849.
407
Calculate the greatest common divisor of 39614 and 1856.
58
Calculate the highest common divisor of 74 and 4116731.
37
Calculate the greatest common divisor of 24786 and 32028.
102
What is the greatest common factor of 81 and 528984?
27
Calculate the greatest common divisor of 28 and 1031226.
14
What is the highest common factor of 91399 and 33?
11
Calculate the greatest common factor of 1264 and 81212.
316
Calculate the highest common factor of 672 and 126.
42
What is the highest common factor of 28380 and 44?
44
What is the highest common factor of 18963 and 392?
49
What is the highest common factor of 10566 and 216?
18
Calculate the highest common factor of 92650 and 650.
50
What is the greatest common divisor of 26588 and 19504?
92
Calculate the greatest common divisor of 4998 and 4746.
42
What is the highest common factor of 4185 and 4340?
155
Calculate the greatest common divisor of 35 and 384895.
35
Calculate the highest common divisor of 350 and 82450.
50
Calculate the highest common factor of 214420 and 3624.
604
What is the highest common factor of 243 and 81243?
81
What is the highest common factor of 35 and 825825?
35
What is the highest common divisor of 10673 and 3653?
13
What is the highest common factor of 6432 and 6901?
67
What is the highest common factor of 6727 and 2635?
31
Calculate the greatest common factor of 429 and 15213.
33
Calculate the greatest common divisor of 948 and 244110.
474
What is the highest common factor of 3180 and 8200?
20
What is the highest common divisor of 15295 and 1064?
133
What is the highest common divisor of 6475 and 1575?
175
Calculate the highest common factor of 12 and 13824.
12
What is the highest common factor of 1099599 and 219?
219
What is the greatest common factor of 220 and 19712?
44
What is the highest common factor of 315 and 22750?
35
Calculate the highest common divisor of 139219 and 46.
23
Calculate the greatest common divisor of 32376 and 27.
3
What is the highest common divisor of 6902 and 8993?
17
Calculate the greatest common factor of 6439 and 15369.
47
Calculate the greatest common divisor of 48 and 37515.
3
Calculate the highest common divisor of 6200 and 113925.
775
Calculate the highest common factor of 174720 and 360.
120
Calculate the highest common factor of 95476 and 128.
4
Calculate the highest common factor of 5633 and 6192.
43
Calculate the highest common factor of 7 and 1515311.
7
Calculate the greatest common factor of 24440 and 28435.
235
Calculate the highest common divisor of 10763 and 4580.
229
What is the highest common factor of 340 and 315860?
340
Calculate the greatest common factor of 20184353 and 469.
469
What is the highest common factor of 25480 and 702?
26
What is the greatest common divisor of 3842 and 33222?
226
What is the greatest common factor of 17193 and 38379?
33
What is the highest common divisor of 47753 and 1802?
901
Calculate the greatest common factor of 1680 and 5424.
48
Calculate the highest common factor of 88455 and 45.
15
What is the greatest common divisor of 42 and 238974?
6
What is the greatest common factor of 8598 and 6?
6
What is the greatest common factor of 189 and 127449?
63
What is the highest common divisor of 6624 and 3450?
138
Calculate the highest common factor of 42 and 1578.
6
What is the highest common factor of 54069 and 10854?
201
What is the highest common factor of 42930 and 4050?
810
What is the greatest common divisor of 1581 and 755191?
527
Calculate the highest common factor of 2102958 and 1892.
946
Calculate the greatest common factor of 803645 and 485.
485
What is the highest common divisor of 731 and 69428?
17
What is the greatest common divisor of 2983680 and 888?
888
Calculate the greatest common factor of 71049 and 1023.
33
What is the greatest common factor of 199661 and 616?
77
Calculate the highest common factor of 242 and 845966.
22
Calculate the greatest common divisor of 6421586 and 1537.
1537
Calculate the greatest common factor of 62 and 1432.
2
Calculate the greatest common factor of 4997643 and 7.
7
Calculate the highest common factor of 23184 and 2093.
161
Calculate the highest common factor of 7351392 and 584.
584
Calculate the greatest common divisor of 3922 and 1924.
74
Calculate the greatest common factor of 24 and 17043.
3
Calculate the greatest common factor of 90287 and 51.
17
Calculate the greatest common factor of 2541 and 819049.
847
What is the greatest common factor of 1495 and 40066?
299
What is the greatest common factor of 1921 and 986?
17
Calculate the greatest common divisor of 106722 and 294.
294
What is the greatest common factor of 9 and 3767715?
9
What is the greatest common factor of 1102 and 4118?
58
Calculate the highest common divisor of 1221 and 18722.
407
Calculate the highest common factor of 84 and 42252.
84
Calculate the greatest common factor of 8 and 259832.
8
Calculate the greatest common divisor of 164472 and 42.
42
Calculate the highest common factor of 121570 and 20.
10
Calculate the highest common factor of 259 and 2555.
7
Calculate the highest common divisor of 11136 and 38336.
64
Calculate the highest common divisor of 63104 and 68000.
544
Calculate the highest common divisor of 78 and 3906.
6
Calculate the greatest common divisor of 3256270 and 20.
10
Calculate the highest common divisor of 162390 and 50.
10
What is the greatest common factor of 475 and 452675?
475
Calculate the highest common factor of 140420 and 136.
68
What is the greatest common factor of 736 and 243248?
368
Calculate the greatest common divisor of 513 and 125799.
57
Calculate the highest common divisor of 232 and 243464.
8
What is the greatest common divisor of 3322 and 39358?
22
What is the highest common factor of 45 and 22532220?
45
What is the highest common divisor of 2539504 and 4298?
614
What is the highest common divisor of 1368 and 43624?
152
What is the greatest common factor of 724 and 50137?
181
Calculate the greatest common divisor of 11038250 and 500.
250
Calculate the highest common divisor of 90 and 489870.
90
What is the greatest common factor of 23226 and 13746?
474
What is the highest common factor of 3395 and 97097?
679
What is the highest common factor of 552 and 14766?
138
Calculate the highest common factor of 679 and 89337.
97
What is the highest common divisor of 8540 and 290?
10
Calculate the highest common factor of 2282 and 1414.
14
What is the highest common factor of 1162 and 38678?
166
What is the greatest common factor of 15 and 47140?
5
Calculate the highest common divisor of 253005 and 75.
15
What is the highest common divisor of 149591 and 11063?
481
What is the greatest common factor of 7271 and 1243?
11
What is the highest common divisor of 651 and 197439?
93
What is the highest common divisor of 333423 and 6?
3
What is the greatest common factor of 3740 and 1020?
340
What is the highest common divisor of 13792 and 328?
8
What is the highest common divisor of 50 and 80050?
50
Calculate the greatest common divisor of 169 and 291187.
169
Calculate the highest common factor of 39 and 832299.
39
What is the greatest common divisor of 248219 and 29273?
401
Calculate the highest common divisor of 7721 and 63.
7
What is the greatest common divisor of 167 and 233800?
167
Calculate the highest common factor of 492 and 1538115.
123
Calculate the highest common divisor of 24415 and 209.
19
Calculate the greatest common factor of 2888 and 40.
8
Calculate the greatest common divisor of 256689 and 162.
81
Calculate the greatest common factor of 24236 and 249.
83
Calculate the highest common divisor of 2132519 and 83.
83
What is the greatest common divisor of 5396 and 107388?
76
Calculate the greatest common factor of 411 and 160701.
411
What is the greatest common factor of 11430 and 8160?
30
Calculate the highest common factor of 7046433 and 81.
81
What is the highest common divisor of 56384 and 1568?
32
Ca